he prime factors of f.
2, 3
Let d(l) be the first derivative of 5*l**3/3 + 3*l**2/2 + 2*l - 14. What are the prime factors of d(-3)?
2, 19
Let s be (-12)/(-42) - (-12)/7. Suppose 2*w = -4*v + 178, -3*v + 94 = -v + s*w. What are the prime factors of v?
2, 3, 7
Let n(z) = 2*z - 41. Let u be n(22). Suppose 521 = u*m + 62. What are the prime factors of m?
3, 17
Let f be 3116/26 - (8/(-13))/4. Suppose o = h + h - 70, 4*h - f = -3*o. What are the prime factors of h?
3, 11
Suppose -4*a - 4*q = -7796, -2*a - 21*q + 17*q = -3898. What are the prime factors of a?
1949
List the prime factors of (-82)/(-246) + 8*(-373)/(-3).
5, 199
List the prime factors of 2068/10 + 14/70.
3, 23
Suppose -2*y + 1216 = 2*q, 9*q + 1830 = 3*y + 6*q. List the prime factors of y.
3, 7, 29
Let x(j) = 4*j**2 + 2*j + 1. Let d be x(-1). Suppose 0 = d*s - 0*s - 144. What are the prime factors of s?
2, 3
Let s be (-39)/(-12) + 4/(-16). Suppose 24 + 54 = s*d. What are the prime factors of d?
2, 13
Suppose 2529 + 6183 = 9*o. What are the prime factors of o?
2, 11
Let w(y) = 18*y**2 - 2*y + 1. Let s(d) = 53*d**2 - 7*d + 3. Let x(n) = -2*s(n) + 7*w(n). List the prime factors of x(1).
3, 7
Let u = -299 - -1125. What are the prime factors of u?
2, 7, 59
Suppose 5*z + 4*x = 2, 2 + 10 = 5*z - x. Suppose 0 = -z*v + 127 + 91. List the prime factors of v.
109
Let y = -285 + 648. List the prime factors of y.
3, 11
Let u(z) = z**3 + 8*z**2 - 6*z - 3. Let m be u(-8). Let o = m + -36. List the prime factors of (o/6)/(3/78).
3, 13
Let y(b) = -b**2. Let j(z) = -21*z + 10. Let g(h) = -j(h) + y(h). What are the prime factors of g(13)?
2, 47
Let q(j) be the second derivative of 7*j**4/12 + j**3 - 3*j**2 + 29*j. List the prime factors of q(6).
2, 3, 47
Let u = 543 - 316. Suppose 0 = 3*m - u + 68. What are the prime factors of m?
53
Let q(m) = -53*m - 3. Let l be q(-3). What are the prime factors of (l + 0 + 2)/2?
79
Let f(j) = 29*j**2 + j. Let i(s) = -16*s**3 - s**2 + s + 1. Let h be i(-1). Let x = 14 - h. List the prime factors of f(x).
2, 7
List the prime factors of (-1 + -70)*(7 + -8).
71
Suppose -2*a + 107 = -13. Suppose 0 = a*k - 61*k + 51. What are the prime factors of k?
3, 17
Let q(o) = o + 10. Let s be q(-4). Suppose -3*v = -s*v - 117. Let n = 71 + v. What are the prime factors of n?
2
Let u(m) = -2*m**3 - 10*m**2 - 15*m - 34. List the prime factors of u(-8).
2, 5, 47
Let p = -56 + 36. List the prime factors of (-1 - 276/p)/(2/10).
2
Suppose -85 - 43 = -2*q. Suppose -2*z + 4*d - 23 - 37 = 0, -5*z = -3*d + 157. Let k = q + z. What are the prime factors of k?
2
Suppose -13*l = 18*l + 31. Let z(k) be the third derivative of -k**6/15 - k**5/60 + k**4/24 + k**3/6 + k**2. What are the prime factors of z(l)?
7
What are the prime factors of (240/8)/(-6) - -2724?
2719
Let a(l) = 23*l**2 - 5*l + 9. Suppose 3 = -2*i + 9. What are the prime factors of a(i)?
3, 67
Suppose 0 = -2*b - j - 86, 5*b = -j - 0*j - 215. Let v = 74 + b. What are the prime factors of v?
31
Suppose -3*t + 7*t = 220. Suppose -2*o + o + 5*w + t = 0, 265 = 3*o + 5*w. Suppose -o = -d - 4*d. What are the prime factors of d?
2
Let k(p) = -p - 13. Let c be k(-10). What are the prime factors of 2 - ((c - -1) + -16 + 1)?
19
Let m = -22 - -26. Suppose -m*n + 19 = -61. What are the prime factors of n?
2, 5
Let b = -7 + 7. Let m(u) = -u**3 - u**2 - u + 22. Let z be m(b). Suppose -3*o = -4*o + z. List the prime factors of o.
2, 11
Suppose -8 = -4*y, -4888 = 26*s - 28*s + 5*y. List the prime factors of s.
31, 79
Suppose h = -3*h + 296. Suppose -3*z = p - h, -3*p = 2*p - 4*z - 389. Suppose 2*d - 5*j = p, j - 23 + 120 = 2*d. List the prime factors of d.
3, 17
Suppose -8*b - n = -4*b + 36, n + 4 = 0. List the prime factors of b*(-4)/8 - -75.
79
Suppose -4*z + f = 6*f - 1705, -2*f = 5*z - 2144. List the prime factors of z.
2, 5, 43
Let n(p) = 2039*p**2 + 136*p - 137. What are the prime factors of n(1)?
2, 1019
Let q = 11 + -5. Let f(a) = -a**3 + 5*a**2 + 8*a - 9. Let x be f(q). What are the prime factors of (4/8)/(x/168)?
2, 7
Let x(n) = -n**3 - 2*n**2 + 2*n + 6. Let d be x(-4). Let z be 2/(-3) + 53/3. Let k = z + d. List the prime factors of k.
47
Let t = -176 + 291. Let s = -50 + t. What are the prime factors of s?
5, 13
Suppose 0 = 4*l + d - 1727, 7*l + d - 428 = 6*l. List the prime factors of l.
433
Let j = 77 - 75. Let t(v) = -v + 30. Let n be t(0). Suppose j*w - 7*w = -n. List the prime factors of w.
2, 3
Suppose 2*l + 18*d - 1843 = 13*d, -3*l + 2771 = d. What are the prime factors of l?
2, 3, 7, 11
Suppose 5*v + 0*v + 4*c = 19, -4*c = -4. Suppose v*o = -10 + 4. List the prime factors of (o/3)/(10/(-45)).
3
Suppose -36 = 5*c + 24. Suppose -4*r = -39 - 125. Let y = c + r. List the prime factors of y.
29
What are the prime factors of (2 + 7 + -10)*(-635)/1?
5, 127
Let c be 0 - (0/(-2) - -3). What are the prime factors of c/6 + 31/2?
3, 5
Let p(q) be the second derivative of -53*q**5/20 + q**4/12 + 2*q. List the prime factors of p(-1).
2, 3
List the prime factors of ((-16716)/(-168))/((-2)/(-12)).
3, 199
Suppose 2*r - 10 = 2. Let q = r - 28. Let z = -14 - q. What are the prime factors of z?
2
Suppose 0 = -3*j + 6*j - 6. Suppose j*n = -28 + 286. What are the prime factors of n?
3, 43
Let h = 5777 - 3639. What are the prime factors of h?
2, 1069
Let h(n) = 2*n**2 - 8*n + 3. Let s be h(5). Let p = 15 - s. Suppose -w - 2*t + t + 30 = 0, -p*t - 21 = -w. What are the prime factors of w?
3
Suppose f + 86 = 2*q, 4*f = 3*q - 42 - 97. Let i = q - -4. Suppose n = 5*d - 331, -d + i = 2*n - 19. List the prime factors of d.
2, 3, 11
Suppose -k - k - 18 = 0. Let m = 24 + k. Suppose 72 = 3*v - m. List the prime factors of v.
29
Let k(f) = -f**2 - 7*f + 4. Let i be k(-7). Let y be -4 + 27 + -7 + i. Suppose 4*p + y = h, h + 2*p + 16 = 3*h. List the prime factors of h.
2
Suppose 3*s - 13 - 23 = 0. Let l = 8 - s. Let f = 30 + l. List the prime factors of f.
2, 13
Suppose -32*b = -41*b + 10539. List the prime factors of b.
1171
Let o = 9182 + -4530. What are the prime factors of o?
2, 1163
Suppose -3*b - 507 = -3*z, 153 + 169 = 2*z + 2*b. Let r = z + -67. What are the prime factors of r?
2, 7
Let n(j) = -j**3 + 7*j**2 + 6*j + 16. Let m be n(8). Suppose m = 6*u - 1308 - 132. What are the prime factors of u?
2, 3, 5
Let i(l) = -26*l - 7. What are the prime factors of i(-1)?
19
Let j(v) = -v**2 + 6*v + 10. Let t be j(7). What are the prime factors of ((-196)/(-6))/(2/t)?
7
Let x = -89 - -92. Suppose 2*m + x*m = 2*b - 198, -306 = -3*b + 3*m. List the prime factors of b.
2, 13
Let q(z) = 4*z**3 + 3*z**2 - z - 1. Let p(v) = v**3 - v**2 - 1. Let h be p(0). Let t be ((-5)/(-10))/(h/(-2)). List the prime factors of q(t).
5
Suppose 39*m - 36*m + 739 = r, r - 5*m = 741. List the prime factors of r.
2, 23
Let a(s) = -s**2 + 10*s - 7. Let m(g) = g**2 - 10*g + 7. Let p(q) = 4*a(q) + 3*m(q). Suppose 3*z - 40 = -2*z. List the prime factors of p(z).
3
Suppose -3*x + f + 2*f = -3087, -4*f = 5*x - 5145. Suppose -5*a + 12*a = x. Let s = a - 83. What are the prime factors of s?
2
Let r be 3/((-172)/44 - -4). What are the prime factors of r - (0 + 3 - 5)?
5, 7
Suppose -5*s = -3*z - 10854, -s - 22*z = -25*z - 2178. List the prime factors of s.
3, 241
Let n = -255 - -440. Let u = 337 - n. List the prime factors of u.
2, 19
Let a be 12/(-3) + (-36)/1. List the prime factors of 207 + a + 0/(0 - -1).
167
Suppose -68 - 6 = -3*b - 5*f, -4*f = 3*b - 76. Suppose 0 = 24*o - b*o + 16. List the prime factors of o.
2
Let p(s) = -s - 34. Let q(d) = -17. Let g(u) = -3*p(u) + 5*q(u). What are the prime factors of g(0)?
17
Suppose 10*n - 344 = 2*n. Suppose 0 = t + 12 - n. What are the prime factors of t?
31
Suppose 9 = -0*m + 3*m. Let d be (0 + 2)*m/2. List the prime factors of 105/d + (-1 - 3).
31
Let v = 7516 + -5322. What are the prime factors of v?
2, 1097
Let p = -21 + 30. List the prime factors of (366/p)/(6/9).
61
Let a(o) = -7*o + 5. Let f be (-2)/((-32)/12)*-8. What are the prime factors of a(f)?
47
Suppose 84 = -q - 5*q. Let j = q + 30. What are the prime factors of j?
2
What are the prime factors of (-7)/(-21) + -1 - 2975/(-3)?
991
Let x be 8/((-4)/(1 + -3)). List the prime factors of x - ((-155)/5 - 2).
37
Suppose 0 = -2*n + 2*p + 2*p + 1016, 5*n = -p + 2595. What are the prime factors of n?